{"id":33,"date":"2023-02-05T18:53:32","date_gmt":"2023-02-05T17:53:32","guid":{"rendered":"https:\/\/wk.wienerklassik.at\/?page_id=33"},"modified":"2025-06-28T07:13:55","modified_gmt":"2025-06-28T05:13:55","slug":"wienerklassik-orchester-2","status":"publish","type":"page","link":"https:\/\/wk.wienerklassik.at\/startseite\/","title":{"rendered":"Startseite"},"content":{"rendered":"<div class=\"n2_ss_slider_publish__option_code\" dir=\"ltr\" data-mode=\"id\"><\/div>\n<p>&nbsp;<\/p>\n<p>Das <strong>Wienerklassik Orchester<\/strong>\u00a0 wurde im Jahre 1998 von Solisten bedeutendster Wiener Orchester gegr\u00fcndet. Die au\u00dfergew\u00f6hnliche Vielseitigkeit des Wienerklassik Orchesters spiegelt sich auch in der variablen Besetzungsgr\u00f6\u00dfe wider: vom Streichquartett, \u00fcber Kammermusik bis hin zum Sinfonieorchester in St\u00e4rke und Stil der Wiener Klassik.<\/p>\n<p>Alle bisherigen Erfahrungen der Ensemblemitglieder als Solisten, Kammermusiker, oder Orchestermusiker machen dieses Ensemble einzigartig und kommen bei der musikalischen Umsetzung voll zur Geltung.\n<\/p>\n<p>\nJe nach Programm und Zyklus wird die Formation als Orchester oder Ensemble besetzt, um auf diese Weise alle Sparten der Musik ausreichend abdecken zu k\u00f6nnen und das Wienerklassik Orchester musikalisch flexibel zu halten.\n<\/p>\n<p>\nDas Wienerklassik Orchester hat in jeder Hinsicht einen starken Wien-Bezug: Alle Mitglieder haben hier studiert, alle sind hier bereits seit mehreren Jahren in den wichtigsten und gr\u00f6\u00dften Orchestern t\u00e4tig. In dieser Stadt lernten wir uns kennen und gegenseitig sch\u00e4tzen. Die laufende Auseinandersetzung mit den gro\u00dfen Meistern der Wiener Klassik, in deren Zeit nicht zuletzt auch Schubert, Lanner, Strau\u00df Vater und Sohn wirkte, lieferte den Anlass, unser Ensemble nach dieser Epoche zu benennen.\n<\/p>\n<p>\nSeit jeher \u00fcbte die Hauptstadt der K. und K. Monarchie auf alle Musiker einen ungeahnten Zauber aus, dem auch wir uns nicht entziehen wollen und k\u00f6nnen. In allen Bereichen wollen wir einen Stil der musikalischen Tradition bewahren, die diese Stadt mit ihrer Musik so ber\u00fchmt und unverwechselbar gemacht hat.<\/p>\n","protected":false},"excerpt":{"rendered":"<p>&nbsp; Das Wienerklassik Orchester\u00a0 wurde im Jahre 1998 von Solisten bedeutendster Wiener Orchester gegr\u00fcndet. Die au\u00dfergew\u00f6hnliche Vielseitigkeit des Wienerklassik Orchesters spiegelt sich auch in der variablen Besetzungsgr\u00f6\u00dfe wider: vom Streichquartett, \u00fcber Kammermusik bis hin zum Sinfonieorchester in St\u00e4rke und Stil der Wiener Klassik. Alle bisherigen Erfahrungen der Ensemblemitglieder als Solisten, Kammermusiker, oder Orchestermusiker machen dieses [&hellip;]<\/p>\n","protected":false},"author":1,"featured_media":0,"parent":0,"menu_order":0,"comment_status":"closed","ping_status":"closed","template":"","meta":{"ngg_post_thumbnail":0,"footnotes":""},"class_list":["post-33","page","type-page","status-publish","hentry"],"yoast_head":"<!-- This site is optimized with the Yoast SEO plugin v25.3.1 - https:\/\/yoast.com\/wordpress\/plugins\/seo\/ -->\n<title>Startseite - Wienerklassik Orchester<\/title>\n<meta name=\"description\" content=\"Wienerklassik Orchester Die au\u00dfergew\u00f6hnliche Vielseitigkeit des Wienerklassik Orchesters spiegelt sich auch in der variablen Besetzungsgr\u00f6\u00dfe wider: vom Streichquartett, \u00fcber Kammermusik bis hin zum Sinfonieorchester in St\u00e4rke und Stil der Wiener Klassik.Alle bisherigen Erfahrungen der Ensemblemitglieder als Solisten, Kammermusiker, oder Orchestermusiker machen dieses Ensemble einzigartig und kommen bei der musikalischen Umsetzung voll zur Geltung.\" \/>\n<meta name=\"robots\" content=\"index, follow, max-snippet:-1, max-image-preview:large, max-video-preview:-1\" \/>\n<link rel=\"canonical\" href=\"https:\/\/wk.wienerklassik.at\/startseite\/\" \/>\n<meta property=\"og:locale\" content=\"de_DE\" \/>\n<meta property=\"og:type\" content=\"article\" \/>\n<meta property=\"og:title\" content=\"Startseite - Wienerklassik Orchester\" \/>\n<meta property=\"og:description\" content=\"Wienerklassik Orchester Die au\u00dfergew\u00f6hnliche Vielseitigkeit des Wienerklassik Orchesters spiegelt sich auch in der variablen Besetzungsgr\u00f6\u00dfe wider: vom Streichquartett, \u00fcber Kammermusik bis hin zum Sinfonieorchester in St\u00e4rke und Stil der Wiener Klassik.Alle bisherigen Erfahrungen der Ensemblemitglieder als Solisten, Kammermusiker, oder Orchestermusiker machen dieses Ensemble einzigartig und kommen bei der musikalischen Umsetzung voll zur Geltung.\" \/>\n<meta property=\"og:url\" content=\"https:\/\/wk.wienerklassik.at\/startseite\/\" \/>\n<meta property=\"og:site_name\" content=\"Wienerklassik Orchester\" \/>\n<meta property=\"article:publisher\" content=\"https:\/\/www.facebook.com\/profile.php?id=100049067737216\" \/>\n<meta property=\"article:modified_time\" content=\"2025-06-28T05:13:55+00:00\" \/>\n<meta name=\"twitter:card\" content=\"summary_large_image\" \/>\n<meta name=\"twitter:label1\" content=\"Gesch\u00e4tzte Lesezeit\" \/>\n\t<meta name=\"twitter:data1\" content=\"2\u00a0Minuten\" \/>\n<script type=\"application\/ld+json\" class=\"yoast-schema-graph\">{\"@context\":\"https:\/\/schema.org\",\"@graph\":[{\"@type\":\"WebPage\",\"@id\":\"https:\/\/wk.wienerklassik.at\/startseite\/\",\"url\":\"https:\/\/wk.wienerklassik.at\/startseite\/\",\"name\":\"Startseite - Wienerklassik Orchester\",\"isPartOf\":{\"@id\":\"https:\/\/wk.wienerklassik.at\/startseite\/#website\"},\"datePublished\":\"2023-02-05T17:53:32+00:00\",\"dateModified\":\"2025-06-28T05:13:55+00:00\",\"description\":\"Wienerklassik Orchester Die au\u00dfergew\u00f6hnliche Vielseitigkeit des Wienerklassik Orchesters spiegelt sich auch in der variablen Besetzungsgr\u00f6\u00dfe wider: vom Streichquartett, \u00fcber Kammermusik bis hin zum Sinfonieorchester in St\u00e4rke und Stil der Wiener Klassik.Alle bisherigen Erfahrungen der Ensemblemitglieder als Solisten, Kammermusiker, oder Orchestermusiker machen dieses Ensemble einzigartig und kommen bei der musikalischen Umsetzung voll zur Geltung.\",\"breadcrumb\":{\"@id\":\"https:\/\/wk.wienerklassik.at\/startseite\/#breadcrumb\"},\"inLanguage\":\"de\",\"potentialAction\":[{\"@type\":\"ReadAction\",\"target\":[\"https:\/\/wk.wienerklassik.at\/startseite\/\"]}]},{\"@type\":\"BreadcrumbList\",\"@id\":\"https:\/\/wk.wienerklassik.at\/startseite\/#breadcrumb\",\"itemListElement\":[{\"@type\":\"ListItem\",\"position\":1,\"name\":\"Startseite\",\"item\":\"https:\/\/wk.wienerklassik.at\/startseite\/\"},{\"@type\":\"ListItem\",\"position\":2,\"name\":\"Startseite\"}]},{\"@type\":\"WebSite\",\"@id\":\"https:\/\/wk.wienerklassik.at\/startseite\/#website\",\"url\":\"https:\/\/wk.wienerklassik.at\/startseite\/\",\"name\":\"Wienerklassik Orchester\",\"description\":\"\",\"publisher\":{\"@id\":\"https:\/\/wk.wienerklassik.at\/startseite\/#organization\"},\"potentialAction\":[{\"@type\":\"SearchAction\",\"target\":{\"@type\":\"EntryPoint\",\"urlTemplate\":\"https:\/\/wk.wienerklassik.at\/startseite\/?s={search_term_string}\"},\"query-input\":{\"@type\":\"PropertyValueSpecification\",\"valueRequired\":true,\"valueName\":\"search_term_string\"}}],\"inLanguage\":\"de\"},{\"@type\":\"Organization\",\"@id\":\"https:\/\/wk.wienerklassik.at\/startseite\/#organization\",\"name\":\"Wienerklassik Orchester\",\"url\":\"https:\/\/wk.wienerklassik.at\/startseite\/\",\"logo\":{\"@type\":\"ImageObject\",\"inLanguage\":\"de\",\"@id\":\"https:\/\/wk.wienerklassik.at\/startseite\/#\/schema\/logo\/image\/\",\"url\":\"https:\/\/wk.wienerklassik.at\/wp-content\/uploads\/2023\/02\/w49b28ba.gif\",\"contentUrl\":\"https:\/\/wk.wienerklassik.at\/wp-content\/uploads\/2023\/02\/w49b28ba.gif\",\"width\":800,\"height\":80,\"caption\":\"Wienerklassik Orchester\"},\"image\":{\"@id\":\"https:\/\/wk.wienerklassik.at\/startseite\/#\/schema\/logo\/image\/\"},\"sameAs\":[\"https:\/\/www.facebook.com\/profile.php?id=100049067737216\",\"https:\/\/www.youtube.com\/c\/WienerklassikOrchesterViennaClassicOrchestra\/featured\"]}]}<\/script>\n<!-- \/ Yoast SEO plugin. -->","yoast_head_json":{"title":"Startseite - Wienerklassik Orchester","description":"Wienerklassik Orchester Die au\u00dfergew\u00f6hnliche Vielseitigkeit des Wienerklassik Orchesters spiegelt sich auch in der variablen Besetzungsgr\u00f6\u00dfe wider: vom Streichquartett, \u00fcber Kammermusik bis hin zum Sinfonieorchester in St\u00e4rke und Stil der Wiener Klassik.Alle bisherigen Erfahrungen der Ensemblemitglieder als Solisten, Kammermusiker, oder Orchestermusiker machen dieses Ensemble einzigartig und kommen bei der musikalischen Umsetzung voll zur Geltung.","robots":{"index":"index","follow":"follow","max-snippet":"max-snippet:-1","max-image-preview":"max-image-preview:large","max-video-preview":"max-video-preview:-1"},"canonical":"https:\/\/wk.wienerklassik.at\/startseite\/","og_locale":"de_DE","og_type":"article","og_title":"Startseite - Wienerklassik Orchester","og_description":"Wienerklassik Orchester Die au\u00dfergew\u00f6hnliche Vielseitigkeit des Wienerklassik Orchesters spiegelt sich auch in der variablen Besetzungsgr\u00f6\u00dfe wider: vom Streichquartett, \u00fcber Kammermusik bis hin zum Sinfonieorchester in St\u00e4rke und Stil der Wiener Klassik.Alle bisherigen Erfahrungen der Ensemblemitglieder als Solisten, Kammermusiker, oder Orchestermusiker machen dieses Ensemble einzigartig und kommen bei der musikalischen Umsetzung voll zur Geltung.","og_url":"https:\/\/wk.wienerklassik.at\/startseite\/","og_site_name":"Wienerklassik Orchester","article_publisher":"https:\/\/www.facebook.com\/profile.php?id=100049067737216","article_modified_time":"2025-06-28T05:13:55+00:00","twitter_card":"summary_large_image","twitter_misc":{"Gesch\u00e4tzte Lesezeit":"2\u00a0Minuten"},"schema":{"@context":"https:\/\/schema.org","@graph":[{"@type":"WebPage","@id":"https:\/\/wk.wienerklassik.at\/startseite\/","url":"https:\/\/wk.wienerklassik.at\/startseite\/","name":"Startseite - Wienerklassik Orchester","isPartOf":{"@id":"https:\/\/wk.wienerklassik.at\/startseite\/#website"},"datePublished":"2023-02-05T17:53:32+00:00","dateModified":"2025-06-28T05:13:55+00:00","description":"Wienerklassik Orchester Die au\u00dfergew\u00f6hnliche Vielseitigkeit des Wienerklassik Orchesters spiegelt sich auch in der variablen Besetzungsgr\u00f6\u00dfe wider: vom Streichquartett, \u00fcber Kammermusik bis hin zum Sinfonieorchester in St\u00e4rke und Stil der Wiener Klassik.Alle bisherigen Erfahrungen der Ensemblemitglieder als Solisten, Kammermusiker, oder Orchestermusiker machen dieses Ensemble einzigartig und kommen bei der musikalischen Umsetzung voll zur Geltung.","breadcrumb":{"@id":"https:\/\/wk.wienerklassik.at\/startseite\/#breadcrumb"},"inLanguage":"de","potentialAction":[{"@type":"ReadAction","target":["https:\/\/wk.wienerklassik.at\/startseite\/"]}]},{"@type":"BreadcrumbList","@id":"https:\/\/wk.wienerklassik.at\/startseite\/#breadcrumb","itemListElement":[{"@type":"ListItem","position":1,"name":"Startseite","item":"https:\/\/wk.wienerklassik.at\/startseite\/"},{"@type":"ListItem","position":2,"name":"Startseite"}]},{"@type":"WebSite","@id":"https:\/\/wk.wienerklassik.at\/startseite\/#website","url":"https:\/\/wk.wienerklassik.at\/startseite\/","name":"Wienerklassik Orchester","description":"","publisher":{"@id":"https:\/\/wk.wienerklassik.at\/startseite\/#organization"},"potentialAction":[{"@type":"SearchAction","target":{"@type":"EntryPoint","urlTemplate":"https:\/\/wk.wienerklassik.at\/startseite\/?s={search_term_string}"},"query-input":{"@type":"PropertyValueSpecification","valueRequired":true,"valueName":"search_term_string"}}],"inLanguage":"de"},{"@type":"Organization","@id":"https:\/\/wk.wienerklassik.at\/startseite\/#organization","name":"Wienerklassik Orchester","url":"https:\/\/wk.wienerklassik.at\/startseite\/","logo":{"@type":"ImageObject","inLanguage":"de","@id":"https:\/\/wk.wienerklassik.at\/startseite\/#\/schema\/logo\/image\/","url":"https:\/\/wk.wienerklassik.at\/wp-content\/uploads\/2023\/02\/w49b28ba.gif","contentUrl":"https:\/\/wk.wienerklassik.at\/wp-content\/uploads\/2023\/02\/w49b28ba.gif","width":800,"height":80,"caption":"Wienerklassik Orchester"},"image":{"@id":"https:\/\/wk.wienerklassik.at\/startseite\/#\/schema\/logo\/image\/"},"sameAs":["https:\/\/www.facebook.com\/profile.php?id=100049067737216","https:\/\/www.youtube.com\/c\/WienerklassikOrchesterViennaClassicOrchestra\/featured"]}]}},"_links":{"self":[{"href":"https:\/\/wk.wienerklassik.at\/startseite\/wp-json\/wp\/v2\/pages\/33","targetHints":{"allow":["GET"]}}],"collection":[{"href":"https:\/\/wk.wienerklassik.at\/startseite\/wp-json\/wp\/v2\/pages"}],"about":[{"href":"https:\/\/wk.wienerklassik.at\/startseite\/wp-json\/wp\/v2\/types\/page"}],"author":[{"embeddable":true,"href":"https:\/\/wk.wienerklassik.at\/startseite\/wp-json\/wp\/v2\/users\/1"}],"replies":[{"embeddable":true,"href":"https:\/\/wk.wienerklassik.at\/startseite\/wp-json\/wp\/v2\/comments?post=33"}],"version-history":[{"count":8,"href":"https:\/\/wk.wienerklassik.at\/startseite\/wp-json\/wp\/v2\/pages\/33\/revisions"}],"predecessor-version":[{"id":457,"href":"https:\/\/wk.wienerklassik.at\/startseite\/wp-json\/wp\/v2\/pages\/33\/revisions\/457"}],"wp:attachment":[{"href":"https:\/\/wk.wienerklassik.at\/startseite\/wp-json\/wp\/v2\/media?parent=33"}],"curies":[{"name":"wp","href":"https:\/\/api.w.org\/{rel}","templated":true}]}}